251 a composite number?
True
Is 1768517627 composite?
False
Is 395086859 composite?
False
Is 382566967 prime?
True
Is 52118262767 prime?
True
Is 422735641 prime?
True
Is 3794508139 a prime number?
False
Is 17184913399 prime?
True
Is 9848752937 a prime number?
False
Is 493534429 a composite number?
True
Is 1533009581 composite?
False
Is 444553309 a prime number?
False
Is 133731260653 a prime number?
False
Is 4813949027 prime?
True
Is 1135141347 composite?
True
Is 3396975773 a prime number?
True
Is 1027470757 a prime number?
False
Is 31298711 composite?
True
Is 168729713 a composite number?
True
Is 5217144109 a composite number?
True
Is 1800190607 prime?
True
Is 297135721 a composite number?
True
Is 1537337603 prime?
True
Is 11058741443 composite?
False
Is 104095797223 a composite number?
True
Is 252485483 composite?
True
Is 172305257 a prime number?
False
Is 75518808611 composite?
False
Is 170281789 a composite number?
False
Is 35412549287 a prime number?
True
Is 261161611 a composite number?
True
Is 2166289453 a composite number?
False
Is 11917897297 composite?
True
Is 474012481 a prime number?
True
Is 40890149 composite?
True
Is 741063823 composite?
True
Is 2383049771 a prime number?
False
Is 33211643 a prime number?
False
Is 38719892711 composite?
False
Is 88378833 composite?
True
Is 66443452793 a prime number?
True
Is 22707673367 a composite number?
False
Is 758502103 a composite number?
False
Is 65896429 prime?
True
Is 1044195023 a prime number?
True
Is 7173460193 composite?
False
Is 2148289693 prime?
False
Is 40555213871 prime?
False
Is 65429366291 a composite number?
True
Is 1739776397 a prime number?
True
Is 2538090601 composite?
False
Is 12934024613 a composite number?
False
Is 1944682543 prime?
False
Is 440255311 prime?
False
Is 2475947141 composite?
False
Is 565032419 a prime number?
False
Is 1019238019 a composite number?
False
Is 5402262319 a prime number?
True
Is 34325269439 a composite number?
True
Is 11632138345 composite?
True
Is 814701161 composite?
False
Is 1608712403 composite?
False
Is 3559789 a composite number?
False
Is 1661413939 a prime number?
False
Is 10632191915 prime?
False
Is 2697557183 prime?
True
Is 62324651521 prime?
False
Is 4565828051 a composite number?
False
Is 4352203433 a prime number?
True
Is 1320806387 composite?
True
Is 2213745167 prime?
False
Is 4815054389 composite?
True
Is 127737004589 a composite number?
True
Is 57964282379 prime?
True
Is 12094813 a prime number?
True
Is 39630498805 a prime number?
False
Is 1631883629 prime?
True
Is 13243459421 a composite number?
False
Is 77785121 a composite number?
False
Is 39258467 a composite number?
False
Is 187269587209 prime?
False
Is 6032511449 prime?
True
Is 61683111641 prime?
True
Is 17592548297 a prime number?
False
Is 17169492371 a composite number?
False
Is 2841984953 a composite number?
True
Is 91943500133 prime?
True
Is 70412051 prime?
True
Is 582126827 composite?
True
Is 604752017 a composite number?
False
Is 36783216143 prime?
True
Is 7746943735 composite?
True
Is 70393442701 a composite number?
True
Is 5194451771 composite?
True
Is 1739677567 a prime number?
False
Is 7542856931 a prime number?
True
Is 20436415841 composite?
False
Is 26983543073 a prime number?
True
Is 586074263 a composite number?
False
Is 22783652893 prime?
True
Is 991104917 a prime number?
False
Is 96780571 a composite number?
False
Is 1297998217 a prime number?
True
Is 1341135143 a prime number?
False
Is 209662823 prime?
True
Is 9099140341 composite?
True
Is 1135616617 a composite number?
True
Is 438055391 a prime number?
True
Is 16079701003 a composite number?
True
Is 51440819 a composite number?
True
Is 603056791 a prime number?
False
Is 120706332073 a prime number?
True
Is 27264982389 prime?
False
Is 103554767747 composite?
True
Is 31087069133 composite?
False
Is 65606623 a prime number?
True
Is 37782151459 a prime number?
False
Is 229734979 composite?
False
Is 24001958611 prime?
True
Is 7745482279 prime?
False
Is 360941869 composite?
False
Is 10964399801 a composite number?
True
Is 89034689 composite?
False
Is 14010401 a composite number?
False
Is 410027159 prime?
True
Is 1454820583 prime?
False
Is 145989439 prime?
False
Is 227569063 a prime number?
False
Is 293199853 a prime number?
False
Is 4319184659 a composite number?
True
Is 1804209943 a prime number?
True
Is 17254240331 a prime number?
True
Is 1494167287 prime?
False
Is 652336079 prime?
False
Is 258345391 prime?
True
Is 932726059 prime?
True
Is 2178478843 composite?
True
Is 8767876213 a composite number?
False
Is 18358805 prime?
False
Is 300250189 a composite number?
False
Is 593221918 a prime number?
False
Is 319465339 a prime number?
True
Is 109504111 a composite number?
False
Is 2629081549 composite?
False
Is 81271153 composite?
False
Is 11176145471 prime?
False
Is 3091111427 prime?
False
Is 212156081 a composite number?
False
Is 17908952539 prime?
False
Is 936208391 a prime number?
False
Is 64145325817 prime?
False
Is 141595585723 a prime number?
False
Is 1859524657 composite?
False
Is 34409915911 a prime number?
False
Is 16000006963 a prime number?
False
Is 24695547397 composite?
False
Is 109443566 a composite number?
True
Is 273929939 composite?
True
Is 147119519 prime?
False
Is 296845879 composite?
True
Is 3551112629 a prime number?
False
Is 7800678121 a composite number?
True
Is 17729464307 prime?
False
Is 1083713767 a composite number?
True
Is 25770132053 a prime number?
False
Is 2631016459 composite?
False
Is 4997143361 composite?
True
Is 3470671121 a prime number?
False
Is 2509284767 prime?
False
Is 71431813291 a prime number?
True
Is 198266209381 prime?
True
Is 23504976895 a prime number?
False
Is 6474017833 a prime number?
True
Is 286577111 composite?
False
Is 9566606347 prime?
False
Is 202309259 a composite number?
True
Is 85844488645 composite?
True
Is 5410044041 prime?
False
Is 51721147 composite?
False
Is 709128737 prime?
False
Is 338818303 prime?
False
Is 1402124291 prime?
False
Is 3289544443 prime?
False
Is 69923345719 a composite number?
False
Is 1801554691 a composite number?
False
Is 2213848817 composite?
True
Is 959877593 a composite number?
False
Is 109376054959 prime?
False
Is 10529637241 composite?
False
Is 321996307 composite?
False
Is 14138537159 composite?
True
Is 1260013277 a prime number?
True
Is 8495734591 prime?
True
Is 3760739551 prime?
True
Is 2582304113 a prime number?
False
Is 9396216911 composite?
False
Is 333399139 a prime number?
False
Is 1254326449 prime?
True
Is 1564848223 prime?
True
Is 87693370243 a prime number?
True
Is 2049446155 prime?
False
Is 236376761 composite?
True
Is 20757698651 a prime number?
False
Is 4212581739 composite?
True
Is 7966910891 a composite number?
False
Is 305794631 a prime number?
True
Is 1164208649 composite?
False
Is 2153859197 composite?
True
Is 1799467291 a prime number?
False
Is 170640328387 a composite number?
False
Is 2910452569 prime?
False
Is 3051945389 a composite number?
True
Is 8221392319 composite?
True
Is 2158941179 a composite number?
True
Is 18552866315 a composite number?
True
Is 40658447 prime?
False
Is 12735314903 a composite number?
True
Is 6163136537 a prime number?
True
Is 4687722979 prime?
False
Is 65207211269 a prime number?
True
Is 23338733893 a prime number?
True
Is 241828039 a prime number?
False
Is 1243617077 a composite number?
True
Is 21411726113 a prime number?
False
Is 32573049961 prime?
True
Is 21733538087 a composite number?
False
Is 7625372453 prime?
True
Is 58242367487 a composite number?
False
Is 2642560771 composite?
False
Is 29006438471 a prime number?
False
Is 8748577637 prime?
False
Is 2344332919 composite?
False
Is 9013726037 a composite number?
False
Is 9882912839 prime?
False
Is 1889301 a prime number?
False
Is 20101890851 prime?
False
Is 13331456641 a prime number?
True
Is 118069559 a prime number?
False
Is 576220781 prime?
True
Is 58397693707 a composite number?
False
Is 42429903527 prime?
False
Is 15857595107 prime?
True
Is 172449178523 a composite number?
False
Is 86761305269 prime?
True
Is 16155728987 a composite number?
True
Is 44318860597 a prime number?
False
Is 6190814947 prime?
False
Is 21785126893 a prime number?
True
Is 320960632763 a composite number?
False
Is 1788690881 a composite numb